{"id":513,"date":"2017-06-26T21:07:11","date_gmt":"2017-06-26T19:07:11","guid":{"rendered":"https:\/\/www.bellybollyintours.fr\/?page_id=513"},"modified":"2018-02-11T07:07:59","modified_gmt":"2018-02-11T06:07:59","slug":"historique","status":"publish","type":"page","link":"https:\/\/www.bellybollyintours.fr\/index.php\/historique\/","title":{"rendered":"Historique"},"content":{"rendered":"<p style=\"text-align: justify\">A l\u2019origine \u00e9tait BollywoodinTours. Des passionn\u00e9es de danse et de culture indienne se r\u00e9unissent en 2013 autour de leur professeur Sarah Bardeau pour fonder une association. Celle-ci propose des prestations de danse pour des publics divers et vari\u00e9s, des stages de danse avec des professeurs internationaux, des stages de yoga, de maquillage, des ateliers de cuisine indienne, ainsi que des excursions \u00e0 Paris sur le th\u00e8me de l\u2019Inde.<\/p>\n<p style=\"text-align: justify\"><img loading=\"lazy\" class=\"alignnone size-large wp-image-412\" src=\"https:\/\/www.bellybollyintours.fr\/wp-content\/uploads\/2017\/04\/11709888_10206624302677481_2754041507519114304_o-1-1024x683.jpg\" alt=\"\" width=\"525\" height=\"350\" srcset=\"https:\/\/www.bellybollyintours.fr\/wp-content\/uploads\/2017\/04\/11709888_10206624302677481_2754041507519114304_o-1-1024x683.jpg 1024w, https:\/\/www.bellybollyintours.fr\/wp-content\/uploads\/2017\/04\/11709888_10206624302677481_2754041507519114304_o-1-300x200.jpg 300w, https:\/\/www.bellybollyintours.fr\/wp-content\/uploads\/2017\/04\/11709888_10206624302677481_2754041507519114304_o-1-768x512.jpg 768w, https:\/\/www.bellybollyintours.fr\/wp-content\/uploads\/2017\/04\/11709888_10206624302677481_2754041507519114304_o-1.jpg 2048w\" sizes=\"(max-width: 525px) 100vw, 525px\" \/>En 2017, l\u2019association \u00e9volue et propose \u00e0 pr\u00e9sent des cours hebdomadaires de danse bollywood et de danse orientale. Pour suivre ce changement, BollywoodinTours devient donc BellyBolly in Tours\u00a0!<\/p>\n<p style=\"text-align: justify\">Plus que jamais, l\u2019association porte des valeurs d\u2019\u00e9change et de solidarit\u00e9. Dans notre engagement associatif, nous pr\u00f4nons le partage, le d\u00e9veloppement de l\u2019estime de soi \u00e0 travers la danse et l\u2019activit\u00e9 physique. Nous souhaitons favoriser les rencontres et les \u00e9changes, tout en proposant une ouverture culturelle et sociale. Tout cela dans la joie, la bonne humeur et les paillettes \u00a0!<\/p>\n","protected":false},"excerpt":{"rendered":"<p>A l\u2019origine \u00e9tait BollywoodinTours. Des passionn\u00e9es de danse et de culture indienne se r\u00e9unissent en 2013 autour de leur professeur Sarah Bardeau pour fonder une association. Celle-ci propose des prestations de danse pour des publics divers et vari\u00e9s, des stages de danse avec des professeurs internationaux, des stages de yoga, de maquillage, des ateliers de &hellip; <\/p>\n<p class=\"link-more\"><a href=\"https:\/\/www.bellybollyintours.fr\/index.php\/historique\/\" class=\"more-link\">Continuer la lecture<span class=\"screen-reader-text\"> de &laquo;&nbsp;Historique&nbsp;&raquo;<\/span><\/a><\/p>\n","protected":false},"author":1,"featured_media":0,"parent":0,"menu_order":0,"comment_status":"closed","ping_status":"closed","template":"","meta":{"_exactmetrics_skip_tracking":false,"_exactmetrics_sitenote_active":false,"_exactmetrics_sitenote_note":"","_exactmetrics_sitenote_category":0},"_links":{"self":[{"href":"https:\/\/www.bellybollyintours.fr\/index.php\/wp-json\/wp\/v2\/pages\/513"}],"collection":[{"href":"https:\/\/www.bellybollyintours.fr\/index.php\/wp-json\/wp\/v2\/pages"}],"about":[{"href":"https:\/\/www.bellybollyintours.fr\/index.php\/wp-json\/wp\/v2\/types\/page"}],"author":[{"embeddable":true,"href":"https:\/\/www.bellybollyintours.fr\/index.php\/wp-json\/wp\/v2\/users\/1"}],"replies":[{"embeddable":true,"href":"https:\/\/www.bellybollyintours.fr\/index.php\/wp-json\/wp\/v2\/comments?post=513"}],"version-history":[{"count":4,"href":"https:\/\/www.bellybollyintours.fr\/index.php\/wp-json\/wp\/v2\/pages\/513\/revisions"}],"predecessor-version":[{"id":832,"href":"https:\/\/www.bellybollyintours.fr\/index.php\/wp-json\/wp\/v2\/pages\/513\/revisions\/832"}],"wp:attachment":[{"href":"https:\/\/www.bellybollyintours.fr\/index.php\/wp-json\/wp\/v2\/media?parent=513"}],"curies":[{"name":"wp","href":"https:\/\/api.w.org\/{rel}","templated":true}]}}